(j).
0
Let k(z) = -4*z - 5. Let n(t) = 3*t + 4. Let u(p) = 4*k(p) + 5*n(p). Let i = -2 + 3. Let x(d) = -6*d - 2. Let m(r) = i*x(r) - 5*u(r). Give m(-6).
4
Let r(n) = -7 + 11 - 9*n + 8 + n**2 - n. Calculate r(8).
-4
Let p(u) be the third derivative of -u**5/60 + 7*u**4/24 + 7*u**3/6 + 7*u**2. Give p(8).
-1
Let s(u) = u**3 + 5*u**2 + 4*u - 1. Let v = 9 - 13. What is s(v)?
-1
Let l(t) be the third derivative of t**7/840 + t**6/60 + t**5/24 - t**4/4 - 2*t**3/3 + 4*t**2. Let i(p) be the first derivative of l(p). Give i(-5).
-6
Suppose -4*f = -2*j + 14, -6*f + 2*f - 19 = -3*j. Let l(y) = 9*y**2 + 6. Let o(h) = h**2 + 1. Let p(u) = f*l(u) + 6*o(u). Calculate p(1).
-3
Let b(l) = l + 1. Let g(w) = 2*w + 2. Let c(p) = 4*b(p) - g(p). Let j(q) = -q**2 - 1. Let k be j(-1). What is c(k)?
-2
Let y(b) = -4*b + 13. Let o be y(3). Let f(r) = r**2 - 5*r - 5. Let u be f(6). Let k(d) = -d + 6*d**3 + u - d + 0*d. Determine k(o).
5
Suppose -l = -0*l + 4. Let h(c) = c - 2. Calculate h(l).
-6
Let d(r) be the third derivative of -r**6/40 + r**5/30 + r**4/12 - r**3/3 - 5*r**2. Give d(2).
-14
Let d(k) be the first derivative of -k**5/60 + k**4/24 - 4*k**3/3 - 1. Let i(b) be the third derivative of d(b). Determine i(5).
-9
Let l(b) = -4*b**2 - b - 7. Let m(j) = -3*j**2 - 2*j - 6. Let f(i) = 4*l(i) - 5*m(i). What is f(6)?
2
Let j(a) = -a + 6. Suppose o + 3 = -2*w, 5*w - 8 = o + 2*w. Determine j(o).
11
Suppose -2*d - 3*g + 10 = 0, g = 4*d - 8 - 12. Suppose 0 = -3*j - 2 + d. Let u(z) = -7*z. Determine u(j).
-7
Suppose w - 6 = 4*w. Let j(r) = -3*r - 19. Let v(t) = 4*t + 24. Let a(k) = -5*j(k) - 4*v(k). What is a(w)?
1
Let d(b) be the first derivative of 0*b - b**2 + b - 3 - 2*b - b. Calculate d(-2).
2
Let t(w) = -3*w**3 + 4*w**2 + w - 1. Let h(m) = 5*m**3 - 6*m**2 - 2*m + 2. Let y(r) = -5*h(r) - 8*t(r). What is y(-3)?
1
Let l(v) be the second derivative of -v**5/20 + v**4/4 + v**3/3 + v**2/2 - 20*v. Determine l(4).
-7
Let k(s) = -s**3 - 8*s**2 + 8*s - 5. Let o(n) = 2*n - 3. Let q be o(-3). Determine k(q).
4
Let p(g) be the second derivative of -3*g + 1/3*g**3 + 0 + 5/2*g**2. What is p(-5)?
-5
Let y be 2*4/4 + -2. Suppose y*k - k - 2*g + 5 = 0, 5*g = -5*k + 10. Let r(l) = 11*l + 1. Give r(k).
-10
Let s(c) be the second derivative of -c**3/6 - 11*c**2/2 + 39*c - 1. Determine s(-8).
-3
Let i = 15 - 10. Suppose -8 = i*d - d. Let b(k) be the third derivative of -k**6/120 - k**5/20 + k**4/24 + k**3/3 + k**2. Calculate b(d).
-4
Let x = 21 - 10. Let w = -13 + x. Let f(u) = 4*u - 3*u + 3 + 4*u. What is f(w)?
-7
Let x(r) be the third derivative of -5*r**4/24 + 31*r**2. Determine x(1).
-5
Let j(o) = -5*o + 6. Let w(r) = -4*r + 6. Let y(g) = -3*j(g) + 4*w(g). Let t be -8 + 9 + (-1 - (1 - 6)). Determine y(t).
1
Let w be ((-21)/(-9))/(-3 + 20/6). Let y(j) = j - 7. Calculate y(w).
0
Let b(d) = -d**3 + 5*d**2 + 7*d + 1. Let o = -23 - -29. What is b(o)?
7
Let g(z) = z**2 + 7*z + 8. Let u be g(-6). Let h(o) = -3*o**2 + 5*o**u + 7 + 6*o - o**2. What is h(-5)?
2
Suppose 5*f - f + 24 = 5*s, -8 = -s + 4*f. Suppose -s*l + 5 = 5*p, p = -l - 4*p + 20. Let z(q) = -q - 3. Calculate z(l).
2
Let w(m) = -m**3 - 5*m**2 + m + 4. Let u be w(-5). Let v(y) = -5*y**3 + y**2. What is v(u)?
6
Suppose 0 = -3*c - 0*c. Suppose -2 = -o - c. Let n(d) = 2*d**3 - d**2 - 3*d + 1. Calculate n(o).
7
Let x(z) = 9 + 3*z**2 - 2*z**2 + 67*z - 73*z. Calculate x(6).
9
Let h(r) be the second derivative of 0*r**2 - 1/20*r**5 + 5/6*r**3 + 0 + 4*r - 5/12*r**4. Calculate h(-6).
6
Let x(a) = a - 2. Let c(v) = -v + 3. Let r(b) = 3*c(b) + 2*x(b). Let f be (-2)/(-16)*-2*(3 - 3). Determine r(f).
5
Let t = -10 + 0. Let d = t + 14. Suppose 0 = d*r + 8, 2 = 3*x + r + r. Let m(s) = -3*s + 2. Determine m(x).
-4
Let w(k) = 7*k. Let d(s) = -8*s. Let l(f) = -6*d(f) - 7*w(f). Give l(0).
0
Let t(z) = -z**3 - 5*z**2 - 7*z - 5. Let y be t(-4). Let j(k) = -6*k + 3*k**2 + y*k - 2*k**2. Give j(2).
6
Let r(j) = j**3 - 4*j**2 + 2*j - 1. Suppose 3*b + h = -b + 24, -b + h = -1. Suppose 3*n - 7 - 17 = 0. Let l = n - b. What is r(l)?
-4
Let b(c) = 4*c**2 + c - 6*c + c**3 + c - 2*c. Determine b(-5).
5
Suppose -z - 11 = -2*z. Let l = z + -17. Let t(j) = -j**2 - 7*j - 3. What is t(l)?
3
Let h(x) = -x**3 - 2*x**2 - 4. Suppose -8*y + 4*y = -16. Suppose r + 2*d = 3, y = -2*r + d - 5. What is h(r)?
5
Let d(y) = 2*y - 7. Let v be d(5). Suppose v*q - z = 0, q + 2*z - z - 4 = 0. Let h(b) = -7*b**3 - b**2 + b. Give h(q).
-7
Let j(n) = n**2 + n - 5. Let k be j(0). Let h be -1 + 0 + (k - -4). Let x(a) = 5*a + 3. Give x(h).
-7
Let o = -98 - -102. Let w(t) = -4*t + 6. Calculate w(o).
-10
Let b(c) = -9*c + 2. Let j(w) = -19*w + 4. Let o(g) = -9*b(g) + 4*j(g). Suppose -3*s + 10 - 4 = 0. Calculate o(s).
8
Suppose 2*o - 3 = -1. Let m = -6 - o. Let z(f) = -f**2 - 8*f - 6. Let c be z(m). Let x(y) = 3*y. Give x(c).
3
Let b(a) = -a**3 + 3*a + 2. Suppose -4*u + 10 + 10 = 0. Let i be (u - 4)/((-2)/(-8)). Suppose 0*n + 8 = -i*n. Calculate b(n).
4
Let r(b) = -3*b**2 + 9*b + 16. Let t(m) = -2*m**2 + 4*m + 8. Let y(x) = -3*r(x) + 5*t(x). Give y(-8).
-16
Suppose 0 = 4*m - 4*n + 64, 0*m + n = -3*m - 68. Let s be 7 + -5 + m/3. Let b(x) = -x**2 - 8*x - 5. Determine b(s).
10
Let l(f) = -7*f**2 - 13*f - 10. Let n(v) = -15*v**2 - 27*v - 21. Let m(y) = 13*l(y) - 6*n(y). Determine m(-3).
8
Let s = -8 + 14. Let v(d) = d**2 - 5*d - 5. What is v(s)?
1
Let r(h) = -h + 1. Let z(j) = -6*j + 5. Let n(l) = -5*r(l) + z(l). Let i be n(3). Let s(x) = 2*x**2 + 3*x - 1. Give s(i).
8
Let v(q) be the first derivative of q**2 - 1 + 1/60*q**5 - q**3 + 0*q + 0*q**4. Let b(k) be the second derivative of v(k). Give b(0).
-6
Let u(c) = 5*c - 3. Let b(y) = -10*y + 5. Let i(p) = -3*b(p) - 5*u(p). Determine i(-3).
-15
Let v(p) = -2*p + 1. Let b be v(-1). Let a(t) = -6*t**3 + 7*t**2 + 3 + t**3 - 7*t + 0*t**3 + 4*t**b. Determine a(6).
-3
Let g(d) = 3*d**3 + 3. Let u(v) = -4*v**3 + v**2 - 3. Let m(a) = 5*g(a) + 4*u(a). Determine m(4).
3
Let l(s) = s**3 + 5*s**2 - 12*s + 7. Let n be l(-7). Let o(c) = -c**2 - 8*c + 3. What is o(n)?
10
Let z(f) = 2*f + 1. Let y be z(2). Let h(g) = -y - 5*g + 4 + 4 + g**2. Let d be (8/6)/((-4)/(-9)). Calculate h(d).
-3
Let h(a) = a - 23. Let z(v) = -v + 15. Let k(y) = -5*h(y) - 8*z(y). Let x = 10 + -6. Determine k(x).
7
Let c(i) = i - 1. Let h be (-12)/10 - 6/(-30). Let w(z) = z - 2. Let g(x) = 2*x - 3. Let j(n) = 2*g(n) - 5*w(n). Let l(a) = h*j(a) - 4*c(a). Determine l(1).
-3
Let w(k) = -k**2 - 8*k - 5. Let z be w(-7). Let q(l) = 3*l - 1. What is q(z)?
5
Suppose -p = 4*p + 25. Let m(b) = b + 2. Determine m(p).
-3
Let h be 276/14 + (-2)/(-7). Suppose 0 = 6*f - 2*f - h. Let w(b) = -b**3 + 6*b**2 - 5*b + 5. Let g be w(f). Let i(y) = y**3 - 5*y**2 - y + 7. Give i(g).
2
Let s be 8*1/2 - 7. Let b(y) = y**3 + 3*y**2 + 2. Calculate b(s).
2
Let g(c) be the first derivative of c**4/12 + c**3/3 + 6*c - 4. Let t(o) be the first derivative of g(o). What is t(-3)?
3
Let w be (-1)/(((-3)/2)/3). Let n(t) = 2*t - 4*t**w + 1 - t**2 + t**2 - t**3. Suppose -l + 10 = 14. Calculate n(l).
-7
Suppose -l - 16 = -5*y, -3*l = y - 7*l + 12. Let c(d) = -4*d - y*d + 6*d + 3*d + 1. Give c(-1).
0
Let r(h) = h. Let l be (-2)/(2/4*-1). Let y(n) = -3. Let v(a) = l*r(a) - 2*y(a). What is v(-4)?
-10
Let n(u) = -u**3 + 4*u**2 + 4 - 4*u**2. Let q = 9 - 7. Suppose -q*w + w = 0. Determine n(w).
4
Let g(c) = -c**3 - 6*c**2 - 3*c. Suppose k + 22 = 2*i + 2*i, 2*i - 10 = 0. Give g(k).
-10
Let p(t) = t - 6*t**2 + 9 + 4*t**2 - t**3 - 9*t - 7*t**2. Give p(-8).
9
Suppose -2*k + 4*m - 5*m = 4, -5*k + m = 17. Let l(w) be the third derivative of w**4/12 - w**3/2 + 2*w**2. Determine l(k).
-9
Let h(a) = -a**2 - 3*a. Let f be h(-3). Suppose 2*m - 5*v + 9 = 0, f = -m - 5*v + 3. Let j(c) = -c**3 - 3*c**2 + 1. Give j(m).
-3
Let x(p) = p - 2. Suppose 0 = -0*y + y - 5. Let i be x(y). Suppose 0 = r - i*r + 6. Let o(f) = f**2 - f - 2. What is o(r)?
4
Let a = -6 - -12. Let n be (-4)/(1 - 2 - 1). Suppose j = n - a. Let v(d) = d**3 + 4*d**2 - 2*d - 1. Give v(j).
7
Suppose 2*w = -x - 2, -x = 4*x + 3*w - 4. Suppose -5*f + 4*v - x*v - 12 = 0, 0 = f + 4*v - 2. Let t(c) be the third derivative of -c**4/6 - c**2. Give t(f).
8
Let i(r) = 4*r**2 - 5*r. Let p(z) = 5*z**2 - 5*z + 1. Suppose m + 4*l = 5, -l + 2 = -0*l. Let h(s) = m*p(s) + 4*i(s). Let v = 0 + 4. 